{"id":496,"date":"2023-07-13T09:28:29","date_gmt":"2023-07-13T07:28:29","guid":{"rendered":"https:\/\/cdlpv.org\/tirant\/?page_id=496"},"modified":"2024-11-20T18:52:15","modified_gmt":"2024-11-20T16:52:15","slug":"bibliografia-general","status":"publish","type":"page","link":"https:\/\/cdlpv.org\/tirant\/bibliografia-general\/","title":{"rendered":"Bibliografia general"},"content":{"rendered":"<h4><strong>Llista sempre provisional d&#8217;articles i obres citades en els apunts:<\/strong><\/h4>\n<ul class=\"bibl\">\n<li><span class=\"cogn\">Alchalabi<\/span>, Fr\u00e9d\u00e9ric (2007): \u00abDes vertus des personnages du Tirant lo Blanc et de leur app\u00e9tit : r\u00e9flexions sur le r\u00f4le de la nourriture dans l\u2019oeuvre de Joanot Martorell\u00bb, <em>Les Langues n\u00e9o-latines : revue de langues vivantes romanes<\/em>, n\u00fam. 341.\n<div class=\"bibl\"><a href=\"https:\/\/shs.hal.science\/halshs-00160764\" target=\"_blank\" rel=\"noopener\"><i class=\"fas fa-external-link-alt\"><\/i><\/a><\/div>\n<\/li>\n<li><span class=\"cogn\">Alemany Ferrer<\/span>, Rafael (2002): \u00abLa Diversitat polif\u00f2nica del discurs amor\u00f3s en el <em>Tirant Lo Blanch<\/em>\u00bb, <em>Estudi General<\/em>, n\u00fam. 22, Universitat de Girona.\n<div class=\"bibl\"><a href=\"https:\/\/raco.cat\/index.php\/EstudiGral\/article\/download\/43807\/56240\/\" target=\"_blank\" rel=\"noopener\"><i class=\"fas fa-file-pdf\"><\/i><\/a><\/div>\n<\/li>\n<li><span class=\"cogn\">Baile L\u00f3pez<\/span>, Eduard (2007): \u00abEstudi paremiol\u00f2gic del Tirant lo Blanch\u00bb, <em>Actas del XI Congreso Internacional de la Asociaci\u00f3n Hisp\u00e1nica de Literatura Medieval<\/em>, Universitat de Lle\u00f3.\n<div class=\"bibl\"><a href=\"http:\/\/rua.ua.es\/dspace\/bitstream\/10045\/12653\/1\/AHLM_Lle%c3%b3_EduardBaile.pdf\" target=\"_blank\" rel=\"noopener\"><i class=\"fas fa-file-pdf\"><\/i><\/a><\/div>\n<\/li>\n<li><span class=\"cogn\">Baile L\u00f3pez<\/span>, Eduard (2009): \u00abAportacions al l\u00e8xic mar\u00ed (especialment naval) del Tirant lo Blanc\u00bb, <em>Actes del Quinz\u00e8 Col\u00b7loqui Internacional de Llengua i Literatura Catalanes, Publicacions de l&#8217;Abadia de Montserrat<\/em>.\n<div class=\"bibl\"><a href=\"http:\/\/aillc.espais.iec.cat\/files\/2018\/01\/Actes_15_Lleida_162_47_58.pdf\" target=\"_blank\" rel=\"noopener\"><i class=\"fas fa-file-pdf\"><\/i><\/a><\/div>\n<\/li>\n<li><span class=\"cogn\">Baile L\u00f3pez<\/span>, Eduard (2009): \u00abRepertori d&#8217;aliments en el Tirant lo Blanch: \u201cE dinaren-se ab molt gran plaer\u201d\u00bb, <em>Tirant<\/em>, n\u00fam. 12.\n<div class=\"bibl\"><a href=\"https:\/\/ojs.uv.es\/index.php\/Tirant\/article\/view\/3421\/3128\" target=\"_blank\" rel=\"noopener\"><i class=\"fas fa-file-pdf\"><\/i><\/a><\/div>\n<\/li>\n<li><span class=\"cogn\">Baile L\u00f3pez<\/span>, Eduard (2013): <em>Diccionari espec\u00edfic dels substantius i dels adjectius del <\/em>Tirant lo Blanc, Universitat d&#8217;Alacant.\n<div class=\"bibl\"><a href=\"http:\/\/rua.ua.es\/dspace\/handle\/10045\/31315\" target=\"_blank\" rel=\"noopener\"><i class=\"fas fa-external-link-alt\"><\/i><\/a><\/div>\n<\/li>\n<li><span class=\"cogn\">Beltran Llavador<\/span>, Rafael (1996-&#8230;): <em>Bibliografia de Tirant lo Blanc<\/em>.\n<div class=\"bibl\"><a href=\"https:\/\/parnaseo.uv.es\/Tirant\/TirantBaseLlibres\/public\/informacio\" target=\"_blank\" rel=\"noopener\"><i class=\"fas fa-external-link-alt\"><\/i><\/a><\/div>\n<\/li>\n<li><span class=\"cogn\">Beltran Llavador<\/span>, Rafael (2002): \u00abLa princesa que no sabia l&#8217;endevinalla: models rondall\u00edstics a l&#8217;episodi de Felip i Ricomana al Tirant lo Blanc\u00bb, <em>Tirant. Butllet\u00ed informatiu i bibliogr\u00e0fic de novel\u00b7la de cavalleries<\/em>, n\u00fam. 5.\n<div class=\"bibl\"><a href=\"https:\/\/parnaseo.uv.es\/Tirant\/Butlleti.5\/b.ricomana.htm\" target=\"_blank\" rel=\"noopener\"><i class=\"fas fa-external-link-alt\"><\/i><\/a><\/div>\n<\/li>\n<li><span class=\"cogn\">Beltran Llavador<\/span>, Rafael (2022): \u00abJoanot Martorell, Tirant lo Blanc, edici\u00f3, introducci\u00f3 i notes de Josep Pujol, \u00abImprescindibles. Biblioteca de Cl\u00e0ssics Catalans\u00bb, 1, Barcelona, Barcino, 2021, 1394 p\u00e0gs.\u00bb, <em>Tirant<\/em>, n\u00fam. 25, p. 361-366.\n<div class=\"bibl\"><a href=\"https:\/\/ojs.uv.es\/index.php\/Tirant\/article\/download\/25687\/21753\" target=\"_blank\" rel=\"noopener\"><i class=\"fas fa-file-pdf\"><\/i><\/a><\/div>\n<\/li>\n<li><span class=\"cogn\">Chiner Gimeno<\/span>, Jaume J. (1997): \u00abEl <em>consell<\/em> d&#8217;Abdal\u00b7l\u00e0 Salom\u00f3 al <em>Tirant lo Blanch<\/em> (cap. <span class=\"versaleta\">cxliii<\/span>) i la <em>Lletra de reials costums<\/em>\u00bb, <em>Anuari de l\u2019Agrupaci\u00f3 Borrianenca de Cultura: revista de recerca human\u00edstica i cient\u00edfica<\/em>.\n<div class=\"bibl\"><a href=\"https:\/\/repositori.uji.es\/xmlui\/bitstream\/handle\/10234\/4677\/Abdal.la_Salomo.pdf?sequence=1&amp;isAllowed=y\" target=\"_blank\" rel=\"noopener\"><i class=\"fas fa-file-pdf\"><\/i><\/a><\/div>\n<\/li>\n<li><span class=\"cogn\">Ferrando Franc\u00e9s<\/span>, Antoni (2018): \u00abLa narrativa catalana al segle xv\u00bb, Catalan Historical Review, n\u00fam. 11, 2018.\n<div class=\"bibl\"><a href=\"https:\/\/www.raco.cat\/index.php\/CatalanHistoricalReview\/article\/download\/100293\/434020\/\" target=\"_blank\" rel=\"noopener\"><i class=\"fas fa-file-pdf\"><\/i><\/a><\/div>\n<\/li>\n<li><span class=\"cogn\">Garc\u00eda Marsilla<\/span>, Juan Vicente (2013): \u00abAlimentaci\u00f3n y salud en la Valencia medieval. Teor\u00eda y pr\u00e1cticas\u00bb, <em>Anuario de Estudios Medievales<\/em>, p. 115-158.\n<div class=\"bibl\"><a href=\"https:\/\/pdfs.semanticscholar.org\/b758\/8eaf5102cc58e42c6ddceb78db88a1ecdc78.pdf\" target=\"_blank\" rel=\"noopener\"><i class=\"fas fa-file-pdf\"><\/i><\/a><\/div>\n<\/li>\n<li><span class=\"cogn\">Hart<\/span>, Thomas R. (1989): \u00abComedy and Chivalry in Tirant lo Blanc\u00bb, <cite>Bulletin of Hispanic Studies<\/cite>, n\u00fam. 66.\n<div class=\"bibl\"><a href=\"https:\/\/www.tandfonline.com\/doi\/abs\/10.1080\/14753820.1989.11434965?journalCode=cbhs19\" target=\"_blank\" rel=\"noopener\"><i class=\"fas fa-up-right-from-square\" aria-label=\"BHS\"><\/i><\/a> \u00a0 <a href=\"https:\/\/eds.s.ebscohost.com\/eds\/pdfviewer\/pdfviewer?vid=1&amp;sid=53247d64-680c-4800-9a6c-bbcbdd9a024c%40redis\" target=\"_blank\" rel=\"noopener\"><i class=\"fas fa-file-pdf\" title=\"Article en la biblioteca de la Wikipedia\" aria-label=\"PDF en la biblioteca de la Wikipedia\"><\/i><\/a><\/div>\n<\/li>\n<li><span class=\"cogn\">Laurioux<\/span>, Bruno (2013): <cite>Manger au Moyen \u00c2ge. Pratiques et discours alimentaires en Europe au XIV<sup>e<\/sup> et XV<sup>e<\/sup> si\u00e8cles<\/cite>.\n<div class=\"bibl\"><a href=\"https:\/\/www.hachette.fr\/livre\/manger-au-moyen-age-9782818503638\" target=\"_blank\" rel=\"noopener\"><i class=\"fas fa-external-link-alt\"><\/i><\/a><\/div>\n<\/li>\n<li><span class=\"cogn\">Mahiques Climent<\/span>, Joan (2008): \u00abUn fals aparegut en el Tirant lo Blanc\u00bb, <cite>Caplletra<\/cite>, n\u00fam. 44.\n<div class=\"bibl\"><a href=\"https:\/\/www.academia.edu\/7549797\/Un_fals_aparegut_en_el_Tirant_lo_Blanc\" target=\"_blank\" rel=\"noopener\"><i class=\"fas fa-external-link-alt\"><\/i><\/a><\/div>\n<\/li>\n<li><span class=\"cogn\">Perujo Melgar<\/span>, Joan Maria (1997): \u00abDe Troia a Constantinoble: Aqui\u0140les i Tirant en l&#8217;amor i en la guerra\u00bb, <cite>Caplletra<\/cite>, n\u00fam. 23.\n<div class=\"bibl\"><a href=\"https:\/\/raco.cat\/index.php\/Caplletra\/article\/download\/298295\/387329\/\" target=\"_blank\" rel=\"noopener\"><i class=\"fas fa-file-pdf\"><\/i><\/a><\/div>\n<\/li>\n<li><span class=\"cogn\">Pujol G\u00f3mez<\/span>, Josep (2021): \u00abTaller d&#8217;edici\u00f3. <em>Tirant lo Blanc<\/em>\u00bb, <em>Man\u00edcula.<\/em>\n<div class=\"bibl\"><a href=\"https:\/\/manicula.narpan.net\/obres\/tirant-lo-blanc?page=1\" target=\"_blank\" rel=\"noopener\"><i class=\"fas fa-external-link-alt\"><\/i><\/a><\/div>\n<\/li>\n<li><span class=\"cogn\">Redondo<\/span>, Jordi (2019): \u00abAigua i vi al Tirant lo Blanc, cap\u00edtol LV: mera faramalla o s\u00edmbols?\u00bb, <cite>Aigua i vi a les literatures cl\u00e0ssiques i la seua tradici\u00f3<\/cite>, p. 179-197.\n<div class=\"bibl\"><a href=\"https:\/\/www.academia.edu\/39126612\/Aigua_i_vi_al_Tirant_lo_Blanc_cap%C3%ADtol_LV_mera_faramalla_o_s%C3%ADmbols\" target=\"_blank\" rel=\"noopener\"><i class=\"fas fa-external-link-alt\"><\/i><\/a><\/div>\n<\/li>\n<li><span class=\"cogn\">Renedo Puig<\/span>, Xavier (1992): \u00abQuin mal \u00e9s lo besar? (Literatura i moral al voltant de la quarta l\u00ednia de l&#8217;amor)\u00bb, <cite>Caplletra<\/cite>, n\u00fam. 13.\n<div class=\"bibl\"><a href=\"https:\/\/raco.cat\/index.php\/Caplletra\/article\/download\/299543\/420815\/\" target=\"_blank\" rel=\"noopener\"><i class=\"fas fa-file-pdf\"><\/i><\/a><\/div>\n<\/li>\n<li><span class=\"cogn\">Renedo Puig<\/span>, Xavier (1996):\u00ab<em>Turpia feminarum incessa lascivarum.<\/em> (El joc teatral en el cap\u00edtol 283 del <em>Tirant lo Blanc<\/em>)\u00bb, <em>Actes del VII Col\u00b7loqui de la Sci\u00e9t\u00e9 Internationale pour l&#8217;Etude du Th\u00e9\u00e2tre Medieval<\/em>, Institut del Teatre, Diputaci\u00f3 de Barcelona.\n<div class=\"bibl\"><a href=\"https:\/\/redit.institutdelteatre.cat\/bitstream\/handle\/20.500.11904\/1220\/1992%20Formes%20Teatrals%20de%20la%20Tradicio%cc%81%20Medieval%20%28actes%29.pdf?sequence=1&amp;isAllowed=y\" target=\"_blank\" rel=\"noopener\"><i class=\"fas fa-file-pdf\"><\/i><\/a><\/div>\n<\/li>\n<li><span class=\"cogn\">Tudela i Villalonga<\/span>, Llu\u00eds; <span class=\"cogn\">Castells i Puig,<\/span> Francesc (1995): \u00abSistemes d\u2019alimentaci\u00f3 i usos de taula al <em>Tirant lo Blanc<\/em>\u00bb, <em>Actes Ir Col.loqui d\u2019Hist\u00f2ria de l\u2019Alimentaci\u00f3 a la Corona d\u2019Arag\u00f3. Edat Mitjana,<\/em> vol. 2, p. 693-710.\n<div class=\"bibl\"><a href=\"https:\/\/dialnet.unirioja.es\/servlet\/libro?codigo=12528#volumen31863\" target=\"_blank\" rel=\"noopener\"><i class=\"fas fa-external-link-alt\"><\/i><\/a><\/div>\n<\/li>\n<\/ul>\n","protected":false},"excerpt":{"rendered":"<p>Llista sempre provisional d&#8217;articles i obres citades en els apunts: Alchalabi, Fr\u00e9d\u00e9ric (2007): \u00abDes vertus des personnages du Tirant lo Blanc et de leur app\u00e9tit : r\u00e9flexions sur le r\u00f4le de la nourriture dans l\u2019oeuvre de Joanot Martorell\u00bb, Les Langues n\u00e9o-latines : revue de langues vivantes romanes, n\u00fam. 341. Alemany Ferrer, Rafael (2002): \u00abLa Diversitat [&hellip;]<\/p>\n","protected":false},"author":1,"featured_media":0,"parent":0,"menu_order":0,"comment_status":"closed","ping_status":"closed","template":"","meta":{"footnotes":""},"class_list":["post-496","page","type-page","status-publish","hentry"],"_links":{"self":[{"href":"https:\/\/cdlpv.org\/tirant\/wp-json\/wp\/v2\/pages\/496","targetHints":{"allow":["GET"]}}],"collection":[{"href":"https:\/\/cdlpv.org\/tirant\/wp-json\/wp\/v2\/pages"}],"about":[{"href":"https:\/\/cdlpv.org\/tirant\/wp-json\/wp\/v2\/types\/page"}],"author":[{"embeddable":true,"href":"https:\/\/cdlpv.org\/tirant\/wp-json\/wp\/v2\/users\/1"}],"replies":[{"embeddable":true,"href":"https:\/\/cdlpv.org\/tirant\/wp-json\/wp\/v2\/comments?post=496"}],"version-history":[{"count":53,"href":"https:\/\/cdlpv.org\/tirant\/wp-json\/wp\/v2\/pages\/496\/revisions"}],"predecessor-version":[{"id":689,"href":"https:\/\/cdlpv.org\/tirant\/wp-json\/wp\/v2\/pages\/496\/revisions\/689"}],"wp:attachment":[{"href":"https:\/\/cdlpv.org\/tirant\/wp-json\/wp\/v2\/media?parent=496"}],"curies":[{"name":"wp","href":"https:\/\/api.w.org\/{rel}","templated":true}]}}